c - 2. Let w be n(-3). Calculate the remainder when 555/12 + (-1)/w is divided by o.
14
Let l(a) = -3*a + 4. Suppose v - 288 = -4*h + 30, -5*v + 230 = 3*h. Suppose -11*j = h - 344. What is the remainder when j is divided by l(-3)?
11
Suppose 3*w - 5*w - 6 = 0, -4*m - w + 29 = 0. Suppose -4*h + 10 = -l, 5*h - m = -2*l + l. Calculate the remainder when 10 is divided by h.
0
Let o(w) = 37*w - 199. What is the remainder when o(8) is divided by 5?
2
Let o = -47 - -77. What is the remainder when 177 is divided by o?
27
Let r(k) = -4 + 1 + 6*k + 4 + 1. Let w be r(4). Let q = 38 - w. Calculate the remainder when q is divided by 7.
5
Let m = 348 - 319. Calculate the remainder when 114 is divided by m.
27
Let a = 33 + 12. Suppose h = 2*b - 50 - 2, 3*b - 68 = -h. Calculate the remainder when a is divided by b.
21
Let z(d) = 6*d**2 - 2*d + 2. Let v(r) = r**3 + 20*r**2 + 21*r + 28. Let y be v(-19). What is the remainder when z(2) is divided by 1 + 14/y + (-248)/(-20)?
10
Suppose 0 - 6 = 2*w, -42 = -3*b + 5*w. Suppose -3*d + 6*d - b = 0. Suppose z - 2*z + 18 = -o, -49 = -d*z + 2*o. What is the remainder when 51 is divided by z?
12
Let t be (-3)/1 - (-11 - -8). Suppose -2*m = 5*f - t*f - 23, m + 4*f = 16. Suppose 0 = -3*n + 10 - m. What is the remainder when 6 is divided by n?
0
Suppose 2*l = -5*w + 526 + 435, -3*l + 187 = w. Calculate the remainder when w is divided by 36.
13
Let k(f) = f**3 - 4*f**2 + f - 6. Let j be k(4). What is the remainder when 2 - -154 - (j + (1 - -2)) is divided by 52?
51
Suppose 4*d - 4 = 3*d + f, 5*d = -3*f + 28. Suppose 2*a - d = 27. Let g = 21 - a. What is the remainder when 18 is divided by g?
3
What is the remainder when 94 is divided by (3/(-9))/((-6)/540)?
4
Let u be 3 - -125 - (-3 - -5). Suppose 2*f = -0*i - 5*i + 38, 5*f - 3*i - u = 0. Calculate the remainder when 42 is divided by f.
18
Suppose 0 = -5*o + 2*o + 30. Let w be ((-4)/(-10))/(4/20). Suppose 0 = -w*r + 4*r - 58. What is the remainder when r is divided by o?
9
Let s(m) = 3*m**3 - 3*m**2 - 3*m - 2. Let c be s(2). Suppose -2*t - c*p = -38 + 4, 3 = -p. Calculate the remainder when 158 is divided by t.
20
Suppose 2*d - 128 = -2*d. What is the remainder when 32850/175 - 2/(-7) is divided by d?
28
Suppose -4*w + 2*i - 5 - 5 = 0, -w + 2 = 4*i. What is the remainder when 105 is divided by 6*((-5)/(-2) + w + 4)?
24
Let s(m) = -m**3 + 5*m**2 + 6*m + 8. Suppose -6*j + 2*j - 3*x + 21 = 0, -5*j - x + 29 = 0. What is the remainder when s(j) is divided by 6?
2
Let v(u) = 2*u**2 + u - 10. Suppose 9 + 18 = -9*z. What is the remainder when 13 is divided by v(z)?
3
Let h(w) = w**3 + 8*w**2 + 5*w - 7. Suppose 2*v = 3*f - 6*f + 32, -4*f = -2*v - 52. What is the remainder when h(-6) is divided by f?
11
What is the remainder when (0 + 6)*2950/708 is divided by 17?
8
Let h(r) be the second derivative of -16*r**3/3 - 17*r**2/2 - 28*r. What is the remainder when h(-2) is divided by 24?
23
Let h = -109 - -76. Let b = 39 + h. Suppose -5*c - b + 71 = 0. What is the remainder when c is divided by 4?
1
Let v be (3 + 0 + (-51)/3)*-3. What is the remainder when 12 is divided by (-1)/(2/v*-3)?
5
Let n = 712 + -673. What is the remainder when n is divided by 11 + 2 + 12/(-4)?
9
Suppose f = 104 - 20. Suppose 2*t - u = 62, -t + 3*u + 48 = 7. What is the remainder when f is divided by t?
26
Suppose 5*k - 481 = -2*j, -1290 = -2*j - 3*j + 5*k. What is the remainder when j is divided by 32?
29
Let u = 22 + -15. Let l(y) = 2*y - 3. Suppose 5*g + 34 = 2*r, 4*r - 2*r - 22 = 2*g. What is the remainder when l(u) is divided by r?
4
Suppose -92 = 6*t - 530. Calculate the remainder when t is divided by (1/2)/((-3)/(-114)).
16
Let t(y) = y**3 - 2*y**2 + y - 72. Calculate the remainder when t(6) is divided by 20.
18
Let g = -262 - -266. Calculate the remainder when 18 is divided by g.
2
Suppose 2*g = 7*c - 3*c + 160, 0 = c - 1. Calculate the remainder when 157 is divided by g.
75
Let u(s) = 19*s - 13. Let o be 3*(2 + -6 + 6). Let l be u(o). Let d = l - 62. What is the remainder when d is divided by 21?
18
Let b = 1651 + -1649. Let f(k) = 8*k**3 - k**2 - k. Let j be f(-1). Let o = 12 + j. What is the remainder when o is divided by b?
0
Let m(w) = -22*w - 5. Calculate the remainder when m(-2) is divided by 20.
19
Let n be 3 - 1 - -3 - -2. Suppose 0 = q - 8 - n. What is the remainder when 1 - (-37 + 4 + -6) is divided by q?
10
Suppose -2*r - 5 = 5, -5*r = -3*a + 214. What is the remainder when a is divided by (-22)/((-2)/(-5)*-5)?
8
Let c(u) = 14*u**3 + 9*u**2 - 10*u - 12. Let w(z) = -5*z**3 - 3*z**2 + 3*z + 4. Let s(k) = -4*c(k) - 11*w(k). What is the remainder when s(-5) is divided by 7?
5
Suppose 2*b - 10 + 2 = 0. Suppose f - 5*x - 19 = 0, 3*f + b*x - 15 = 4. What is the remainder when 33 is divided by f?
6
Let p(l) = l**3 + 8*l**2 - 7*l + 8. Let i(z) = -2*z**3 - 16*z**2 + 14*z - 17. Let k(o) = -4*i(o) - 9*p(o). Calculate the remainder when 32 is divided by k(-9).
4
Let r(o) = -129*o - 442. What is the remainder when r(-6) is divided by 328?
4
Let a(l) = -l**2 - l + 76. Let m(p) = 2*p + 17. Calculate the remainder when a(0) is divided by m(-5).
6
What is the remainder when 63 is divided by (480/(-25) + -4)/(4/(-10))?
5
Let g(j) = 4*j**2 + 66*j - 104. Let i(m) = -m**3 - 5*m**2 - 2*m - 3. What is the remainder when i(-5) is divided by g(-18)?
3
Let d(a) = a**2 + 4*a + 98. Calculate the remainder when 108 is divided by d(0).
10
Let i = -76 + 104. Let v be -3*((-2 - -1) + 0). Let n = i + v. What is the remainder when n is divided by 11?
9
Let z be (-1 + -1)/(-2) + 0. What is the remainder when 35 is divided by 9 - z/(1/(-3))?
11
Suppose -4*c = 4 - 36. Suppose 15 - 7 = 2*d. Suppose l - 208 = -d*p, -l + c = l. Calculate the remainder when p is divided by 13.
12
Let p = -49 + 65. Calculate the remainder when (-12)/(-16) + 292/p is divided by 4.
3
What is the remainder when 3029 is divided by ((-84)/168)/(2/(-60))?
14
Suppose -2*j + 6*j = 336. Suppose z + 2*z - j = 0. Let w = 0 - -15. Calculate the remainder when z is divided by w.
13
Let t(f) = -f + 48. What is the remainder when 223 is divided by t(7)?
18
Suppose -664 = -5*h - 4*a, -a - 395 = 54*h - 57*h. Suppose 2*n = 11 - 1. Suppose 12 = -3*p, n*g - 127 = -3*p + p. What is the remainder when h is divided by g?
24
Let h(a) = a**2 + 15*a + 35. Calculate the remainder when 134 is divided by h(-15).
29
Suppose -1 = q - 0*q + 4*p, -3*q + 2*p = -39. Let u be (-4)/3*12/8. Let l(r) = r**3 + 3*r**2 + 2*r + 3. What is the remainder when q is divided by l(u)?
2
Suppose 4*f + 0*f = 5*u + 34, 8 = 3*f + 5*u. Calculate the remainder when (-12)/(-1) - (-4 + 0) is divided by f.
4
Let h(a) = -10*a - 2. Let l be h(3). Calculate the remainder when 55 is divided by (8/l)/(2/(-136)).
4
Calculate the remainder when ((-238)/136)/((6/584)/(-3)) is divided by 16.
15
Let d(v) = -v**2 + 5*v + 18. Let y be d(8). Calculate the remainder when (-2)/4*6 - (-1 + y) is divided by 3.
1
Suppose 0 = -3*k + 4*j + 7, 3*j - 28 = -4*k - 2. Suppose 4*g + 2*t - 246 = 0, 5*t + 170 + 145 = k*g. What is the remainder when g is divided by 32?
30
Let x(l) = 3*l + 185. Let b be x(0). Let u = 325 - b. Calculate the remainder when u is divided by 36.
32
Let o = 69 - 39. Calculate the remainder when 99 is divided by o.
9
Let l be ((-20)/25)/(4/(-10)). Let a be (-3)/l*(-10)/3. What is the remainder when 29 is divided by (-2)/(1*(-1)/a)?
9
Suppose -5*v + 5 = 0, -2*d = 7*v - 3*v + 10. Let r = d + 48. Calculate the remainder when r is divided by 11.
8
What is the remainder when ((-3)/(-3))/((-654)/219 + 3) is divided by 20?
13
Let g be ((-24)/(-15))/(18/45). Suppose 130 = 3*o + i, 5*o - g*i - 212 = -i. What is the remainder when o is divided by 15?
13
Suppose -l - 307 = -2*v, -224 - 249 = -3*v + 4*l. What is the remainder when v is divided by 51?
49
Let n = -33 + 38. What is the remainder when 98 is divided by n?
3
Let o(b) = 9*b**2 - 41*b - 80. Suppose -10 = 2*g, -3*u + g + 440 = 3*g. What is the remainder when u is divided by o(-2)?
36
Let r(h) = 9*h + 468. Calculate the remainder when 155 is divided by r(-46).
47
Suppose 41 + 13 = 3*j. Calculate the remainder when 105 is divided by j.
15
Suppose -4*s - 36 = -5*h, 36 = -h + 5*h - 5*s. Let c = h - 3. Let n(y) = y**2 + 30*y + 58. Calculate the remainder when n(-28) is